?
True
Does 61 divide 610?
True
Is 3256 a multiple of 27?
False
Does 72 divide 1298?
False
Does 84 divide 3265?
False
Is 105051 a multiple of 26?
False
Is 7 a factor of 48?
False
Does 87 divide 957?
True
Does 77 divide 202?
False
Does 92 divide 826?
False
Is 38 a factor of 380?
True
Does 12 divide 8676?
True
Does 52 divide 1756?
False
Does 159 divide 1431?
True
Is 66 a factor of 2110?
False
Is 111 a factor of 9672?
False
Is 2158 a multiple of 26?
True
Does 119 divide 8788?
False
Is 6 a factor of 1293?
False
Is 10933 a multiple of 13?
True
Does 38 divide 1634?
True
Is 2155 a multiple of 5?
True
Is 3 a factor of 177?
True
Does 7 divide 587?
False
Does 26 divide 650?
True
Does 24 divide 1853?
False
Does 77 divide 340?
False
Is 5202 even?
True
Does 56 divide 112?
True
Is 50949 a multiple of 45?
False
Does 43 divide 1935?
True
Is 3611 a multiple of 6?
False
Is 82 a factor of 867?
False
Does 120 divide 12108?
False
Does 43 divide 19156?
False
Is 25112 a multiple of 73?
True
Does 74 divide 47879?
False
Does 140 divide 30691?
False
Is 12 a factor of 852?
True
Is 31 a factor of 593?
False
Is 130 a factor of 588?
False
Does 26 divide 7046?
True
Is 9632 a multiple of 4?
True
Is 27760 a multiple of 10?
True
Is 45811 a multiple of 24?
False
Does 77 divide 20251?
True
Does 174 divide 67231?
False
Is 120 a multiple of 40?
True
Is 43 a factor of 817?
True
Does 15 divide 1704?
False
Is 2952 a multiple of 72?
True
Does 98 divide 26460?
True
Does 42 divide 9891?
False
Is 2533 a multiple of 12?
False
Is 10712 a multiple of 103?
True
Is 21114 a multiple of 306?
True
Is 13 a factor of 143?
True
Does 81 divide 3123?
False
Does 26 divide 2280?
False
Is 7128 a multiple of 27?
True
Is 171 a factor of 16409?
False
Is 1267 a multiple of 68?
False
Is 3921 a multiple of 250?
False
Is 164 a factor of 6232?
True
Does 9 divide 9309?
False
Is 9 a factor of 5242?
False
Does 10 divide 80585?
False
Is 6 a factor of 1335?
False
Is 234 a factor of 48672?
True
Is 10058 a multiple of 48?
False
Is 72 a factor of 720?
True
Is 18 a factor of 2988?
True
Does 18 divide 1314?
True
Is 14 a factor of 1966?
False
Does 41 divide 8487?
True
Is 3586 a multiple of 11?
True
Is 74 a factor of 1036?
True
Is 20 a factor of 2680?
True
Does 4 divide 598?
False
Is 1653 a multiple of 32?
False
Does 60 divide 8100?
True
Is 726 a multiple of 11?
True
Is 6490 a multiple of 22?
True
Does 96 divide 16750?
False
Is 30690 a multiple of 18?
True
Is 8 a factor of 1824?
True
Does 15 divide 2368?
False
Does 19 divide 4629?
False
Is 8981 a multiple of 10?
False
Is 23 a factor of 9913?
True
Is 3 a factor of 4100?
False
Does 14 divide 165?
False
Is 5203 a multiple of 11?
True
Is 1224 a multiple of 51?
True
Is 320 a multiple of 80?
True
Is 622 a multiple of 15?
False
Is 58282 a multiple of 362?
True
Does 5 divide 2495?
True
Does 44 divide 1171?
False
Is 57 a multiple of 7?
False
Does 228 divide 1368?
True
Is 583 a multiple of 11?
True
Does 21 divide 2478?
True
Is 86174 a multiple of 22?
True
Is 62 a factor of 1426?
True
Is 90 a multiple of 6?
True
Is 1335 a multiple of 51?
False
Does 122 divide 4161?
False
Is 50 a factor of 1923?
False
Does 5 divide 485?
True
Is 810 a multiple of 90?
True
Does 19 divide 19666?
False
Is 1040 a multiple of 15?
False
Is 4 a factor of 1192?
True
Does 34 divide 49708?
True
Is 3 a factor of 388?
False
Is 3290 a multiple of 10?
True
Is 11 a factor of 22?
True
Does 27 divide 12312?
True
Is 91 a multiple of 13?
True
Does 9 divide 527?
False
Does 7 divide 1876?
True
Is 20 a factor of 257?
False
Is 3914 a multiple of 103?
True
Does 6 divide 34097?
False
Is 221 a factor of 62869?
False
Is 6450 a multiple of 25?
True
Does 69 divide 5606?
False
Is 13370 a multiple of 65?
False
Is 9 a factor of 35505?
True
Is 27 a factor of 1998?
True
Is 143 a multiple of 13?
True
Is 57 a factor of 2319?
False
Is 1672 a multiple of 42?
False
Is 29 a factor of 12122?
True
Is 34 a factor of 1428?
True
Is 829 even?
False
Is 2407 a multiple of 18?
False
Is 378 a multiple of 22?
False
Is 19 a factor of 532?
True
Is 3448 a multiple of 8?
True
Is 720 a multiple of 23?
False
Does 22 divide 7150?
True
Is 29515 a multiple of 108?
False
Is 10445 a multiple of 10?
False
Does 15 divide 18832?
False
Does 85 divide 85?
True
Does 14 divide 712?
False
Does 10 divide 20925?
False
Is 22 a factor of 1144?
True
Is 12 a factor of 144?
True
Does 130 divide 4420?
True
Does 11 divide 19418?
False
Is 4 a factor of 4343?
False
Does 101 divide 3131?
True
Is 43 a factor of 4251?
False
Is 186 a multiple of 31?
True
Is 235 a multiple of 25?
False
Is 2198 a multiple of 7?
True
Is 706 a multiple of 6?
False
Is 6 a factor of 6409?
False
Is 44 a multiple of 2?
True
Is 3358 a multiple of 23?
True
Is 36 a factor of 2052?
True
Does 15 divide 1072?
False
Is 110 a multiple of 11?
True
Does 8 divide 408?
True
Is 6 a factor of 22020?
True
Is 7490 a multiple of 70?
True
Is 18 a factor of 3537?
False
Is 1080 a multiple of 3?
True
Is 346 a factor of 30102?
True
Is 11 a factor of 451?
True
Does 164 divide 8660?
False
Is 5 a factor of 13670?
True
Does 33 divide 21628?
False
Does 26 divide 1898?
True
Is 32 a factor of 3616?
True
Does 117 divide 1989?
True
Does 47 divide 3766?
False
Is 6 a factor of 5016?
True
Does 72 divide 533?
False
Is 3301 a multiple of 8?
False
Is 14 a factor of 336?
True
Is 136 a factor of 113946?
False
Is 62 a factor of 2494?
False
Is 7 a factor of 686?
True
Is 73 a factor of 21474?
False
Is 181 a factor of 26429?
False
Is 46 a factor of 874?
True
Is 32 a factor of 32?
True
Does 49 divide 784?
True
Is 12 a factor of 1699?
False
Is 12150 a multiple of 81?
True
Is 10 a factor of 2600?
True
Is 37 a factor of 5328?
True
Is 1425 a multiple of 25?
True
Is 22 a factor of 3190?
True
Does 37 divide 3811?
True
Is 7271 a multiple of 99?
False
Does 8 divide 195?
False
Is 22 a factor of 10010?
True
Does 45 divide 2068?
False
Does 199 divide 39103?
False
Does 306 divide 55386?
True
Is 7 a factor of 1001?
True
Is 1614 a multiple of 6?
True
Is 12 a factor of 197?
False
Does 13 divide 3231?
False
Does 145 divide 5945?
True
Is 53 a factor of 666?
False
Does 283 divide 13152?
False
Does 23 divide 414?
True
Does 44 divide 6152?
False
Does 15 divide 345?
True
Does 5 divide 505?
True
Is 27139 a multiple of 14?
False
Is 21 a factor of 919?
False
Does 38 divide 418?
True
Is 69545 a multiple of 181?
False
Does 20 divide 2040?
True
Is 20 a factor of 14643?
False
Is 379 a multiple of 6?
False
Is 9 a factor of 10656?
True
Does 13 divide 341?
False
Does 2 divide 8?
True
Is 182 a multiple of 13?
True
Is 47 a factor of 7291?
False
Does 65 divide 1363?
False
Is 122 a factor of 8238?
False
Is 12180 a multiple of 11?
False
Does 10 divide 1858?
False
Does 34 divide 75004?
True
Is 912 a multiple of 24?
True
Does 11 divide 36668?
False
Is 33774 a multiple of 50?
False
Is 2873 a multiple of 17?
True
Is 2272 a multiple of 149?
False
Is 384 a multiple of 4?
True
Does 250 divide 37378?
False
Is 31 a factor of 598?
False
Does 52 divide 6500?
True
Does 32 divide 5056?
True
Does 179 divide 29354?
False
Does 17 divide 121006?
True
Does 83 divide 747?
True
Does 2 divide 231?
False
Does 6 divide 15924?
True
Does 50 divide 1350?
True
Is 9 a factor of 90?
True
Is 36 a factor of 909?
False
Is 31 a factor of 682?
True
Does 7 divide 216?
False
Does 38 divide 2546?
True
Is 9 a factor of 35829?
True
Is 353 a multiple of 30?
False
Does 28 divide 3492?
False
Is 118374 a multiple of 362?
True
Is 544 a multiple of 12?
False
Does 13 divide 25601?
False
Is 10 a factor of 1520?
True
Does 25 divide 359?
False
Is 415 a multiple of 83?
True
Is 20 a factor of 120?
True
Does 347 divide 32886?
False
Does 131 divide 23318?
True
Is 60 a factor of 454?
False
Is 95738 a multiple of 54?
False
Is 8 a factor of 6603?
False
Does 49 divide 14112?
True
Is 1015 a multiple of 7?
True
Is 50 a factor of 8200?
True
Does 34 divide 29791?
False
Is 3 a factor of 3?
True
Is 1824 a multiple of 48?
True
Is 1887 a multiple of 79?
False
Is 121 a factor of 23474?
True
Is 17 a factor of 352?
False
Does 32 divide 17903?
False
Is 219 a multiple of 19?
False
Does 12 divide 963?
False
Is 1242 a multiple of 46?
True
Does 8 divide 2650?
False
Is 3010 a multiple of 43?
True
Does 39 divide 4143?
False
Does 53 divide 106?
True
Is 616 a